60555?
False
Does 38 divide 4970203?
False
Is 591591 a multiple of 8?
False
Is 284372 a multiple of 34?
False
Is 147912 a multiple of 106?
False
Is 9 a factor of 792810?
True
Is 70 a factor of 3817170?
True
Does 7 divide 3197?
False
Is 1712 a factor of 4432368?
True
Is 103620 a multiple of 22?
True
Is 15 a factor of 170640?
True
Is 676690 a multiple of 245?
True
Is 99960 a multiple of 168?
True
Is 205518 a multiple of 113?
False
Is 9602404 a multiple of 28?
True
Is 12 a factor of 258187?
False
Does 208 divide 1604852?
False
Does 47 divide 56756?
False
Is 15485507 a multiple of 149?
False
Is 571586 a multiple of 33?
False
Does 3 divide 385899?
True
Does 361 divide 159633?
False
Does 1086 divide 663917?
False
Is 3045438 a multiple of 66?
True
Does 840 divide 1781640?
True
Is 189 a factor of 171812?
False
Is 2062010 a multiple of 370?
True
Is 46 a factor of 10166?
True
Is 204423 a multiple of 16?
False
Is 38 a factor of 618260?
True
Does 51 divide 1992876?
True
Is 5407 a multiple of 8?
False
Does 12 divide 4365000?
True
Is 10 a factor of 4900?
True
Is 908 a factor of 890748?
True
Does 7 divide 67142?
False
Does 29 divide 288501?
False
Does 101 divide 608121?
True
Is 513729 a multiple of 52?
False
Does 13 divide 963703?
True
Does 53 divide 1765221?
False
Is 1184174 a multiple of 38?
False
Does 32 divide 222628?
False
Is 17 a factor of 1196783?
True
Is 361617 a multiple of 27?
False
Does 326 divide 11826954?
True
Is 394753 a multiple of 25?
False
Is 20 a factor of 60180?
True
Is 878 a factor of 20728387?
False
Is 3 a factor of 74955?
True
Is 689674 a multiple of 639?
False
Does 36 divide 651258?
False
Is 1400476 a multiple of 14?
True
Is 47168 a multiple of 17?
False
Does 48 divide 141826?
False
Is 78156 a multiple of 52?
True
Is 1991012 a multiple of 151?
False
Does 99 divide 1110384?
True
Is 5 a factor of 100985?
True
Is 550582 a multiple of 9?
False
Does 2 divide 197672?
True
Does 163 divide 50204?
True
Is 231176 a multiple of 101?
False
Is 97540 a multiple of 20?
True
Is 200 a factor of 1158651?
False
Is 228084 a multiple of 22?
False
Is 16 a factor of 1018816?
True
Is 12 a factor of 1783257?
False
Is 1411166 a multiple of 104?
False
Is 7564839 a multiple of 76?
False
Does 15 divide 23474?
False
Is 481 a factor of 4846425?
False
Does 40 divide 500903?
False
Is 23 a factor of 167231?
False
Does 23 divide 677433?
False
Is 18 a factor of 1709640?
True
Is 3183648 a multiple of 8?
True
Does 56 divide 134018?
False
Is 2493522 a multiple of 634?
True
Is 15 a factor of 4636170?
True
Is 38 a factor of 167466?
True
Does 211 divide 114995?
True
Is 124474 a multiple of 34?
True
Is 106354 a multiple of 41?
True
Does 82 divide 1540756?
False
Is 811838 a multiple of 171?
False
Is 254758 a multiple of 14?
True
Does 77 divide 367203?
False
Does 3 divide 37390?
False
Is 66448 a multiple of 27?
False
Is 28 a factor of 13720?
True
Is 15 a factor of 627176?
False
Is 297 a factor of 1760022?
True
Is 18 a factor of 4038732?
True
Is 31 a factor of 149509?
False
Is 329424 a multiple of 3?
True
Is 493 a factor of 3682217?
True
Is 2926184 a multiple of 8?
True
Is 1541549 a multiple of 10?
False
Does 383 divide 427744?
False
Is 51246 a multiple of 73?
True
Does 16 divide 66015?
False
Is 22 a factor of 361308?
False
Is 1114833 a multiple of 321?
True
Is 3997466 a multiple of 11?
True
Does 194 divide 1120350?
True
Does 54 divide 243594?
True
Is 3688256 a multiple of 13?
True
Does 121 divide 118943?
True
Is 134 a factor of 940485?
False
Is 2645150 a multiple of 25?
True
Does 7 divide 42721?
True
Is 61 a factor of 145046?
False
Is 17 a factor of 23069?
True
Does 328 divide 1940494?
False
Is 301 a factor of 25585?
True
Is 215109 a multiple of 27?
True
Is 25890 a multiple of 8?
False
Does 587 divide 7160226?
True
Is 492030 a multiple of 71?
True
Does 16 divide 14090576?
True
Is 790736 a multiple of 3?
False
Is 282 a factor of 275232?
True
Does 15 divide 2824873?
False
Does 1029 divide 3703371?
True
Is 120 a factor of 147600?
True
Is 59130 a multiple of 27?
True
Does 161 divide 6611243?
False
Does 161 divide 1107101?
False
Is 479 a factor of 2076465?
True
Does 15 divide 7255590?
True
Is 18005635 a multiple of 1531?
False
Is 62 a factor of 501655?
False
Is 2498423 a multiple of 59?
False
Is 534681 a multiple of 207?
True
Is 14757 a multiple of 3?
True
Does 66 divide 29205?
False
Does 97 divide 58103?
True
Does 3 divide 3499?
False
Does 7 divide 615504?
False
Is 41 a factor of 315935?
False
Is 652 a factor of 100476?
False
Is 12 a factor of 285804?
True
Does 27 divide 128195?
False
Is 19 a factor of 14527447?
False
Does 12 divide 131736?
True
Is 635748 a multiple of 187?
False
Does 17 divide 751689?
True
Is 388 a factor of 232800?
True
Is 26098406 a multiple of 222?
False
Does 5 divide 35070?
True
Is 747 a factor of 1615761?
True
Is 792 a factor of 13992264?
True
Is 73 a factor of 88172?
False
Is 189085 a multiple of 32?
False
Does 6 divide 213282?
True
Is 560304 a multiple of 48?
True
Is 123876 a multiple of 31?
True
Does 15 divide 211335?
True
Is 2215881 a multiple of 795?
False
Does 14 divide 1273300?
True
Does 6 divide 1512758?
False
Is 14451377 a multiple of 656?
False
Is 978443 a multiple of 23?
True
Does 10 divide 36492?
False
Is 5 a factor of 797950?
True
Is 179 a factor of 3626003?
True
Does 281 divide 43555?
True
Is 254 a factor of 1672336?
True
Is 146505 a multiple of 20?
False
Is 41 a factor of 665936?
False
Is 1456883 a multiple of 21?
False
Is 790620 a multiple of 13?
False
Is 13 a factor of 151177?
True
Is 28518 a multiple of 3?
True
Does 50 divide 2029755?
False
Does 3 divide 133958?
False
Is 411320 a multiple of 113?
True
Is 573543 a multiple of 16?
False
Does 242 divide 3776002?
False
Does 50 divide 3872482?
False
Is 29 a factor of 7741318?
True
Does 47 divide 295058?
False
Does 341 divide 198968?
False
Is 43 a factor of 38313?
True
Is 7 a factor of 833917?
True
Is 9027 a multiple of 33?
False
Is 718794 a multiple of 986?
True
Is 8418520 a multiple of 7?
False
Is 5 a factor of 101685?
True
Is 651280 a multiple of 80?
True
Is 13 a factor of 3826732?
True
Is 450 a factor of 1046250?
True
Is 774603 a multiple of 81?
True
Does 128 divide 238336?
True
Does 146 divide 188486?
True
Is 347341 a multiple of 7?
False
Is 190696 a multiple of 358?
False
Is 3751446 a multiple of 53?
True
Does 29 divide 140909?
False
Does 354 divide 15809994?
True
Does 52 divide 576403?
False
Is 84558 a multiple of 829?
True
Is 17 a factor of 437546?
True
Is 9298817 a multiple of 11?
True
Is 149906 a multiple of 22?
False
Is 84 a factor of 1100232?
True
Is 42 a factor of 387650?
False
Is 81 a factor of 54756?
True
Is 6 a factor of 578189?
False
Is 644065 a multiple of 58?
False
Is 2426423 a multiple of 91?
False
Does 67 divide 17365529?
True
Does 142 divide 2355638?
True
Is 216730 a multiple of 10?
True
Does 12 divide 63852?
True
Is 923797 a multiple of 833?
True
Does 147 divide 7369551?
True
Is 1469852 a multiple of 31?
False
Does 8 divide 36001?
False
Is 90332 a multiple of 44?
True
Does 11 divide 1594703?
True
Is 12 a factor of 171090?
False
Does 6 divide 780652?
False
Is 227 a factor of 11553392?
True
Does 30 divide 911670?
True
Is 5472772 a multiple of 537?
False
Does 39 divide 1378104?
True
Does 19 divide 429191?
True
Does 14 divide 14660?
False
Is 118800 a multiple of 594?
True
Does 31 divide 175928?
False
Is 519327 a multiple of 171?
True
Does 213 divide 221730?
False
Is 17507 a multiple of 54?
False
Does 63 divide 4073222?
False
Is 338019 a multiple of 561?
False
Is 157565 a multiple of 207?
False
Is 310545 a multiple of 201?
True
Is 233392 a multiple of 58?
True
Does 18 divide 104113?
False
Is 326 a factor of 156154?
True
Is 4046 a multiple of 259?
False
Does 2279 divide 34508618?
True
Does 11 divide 15015?
True
Is 311 a factor of 116067?
False
Is 45501 a multiple of 14?
False
Is 5572192 a multiple of 16?
True
Is 10 a factor of 749390?
True
Is 2 a factor of 373606?
True
Is 14790019 a multiple of 20?
False
Does 7 divide 1208102?
True
Is 448351 a multiple of 29?
False
Is 221341 a multiple of 389?
True
Is 341870 a multiple of 170?
True
Is 30 a factor of 124860?
True
Is 2260080 a multiple of 1314?
True
Does 49 divide 380532?
False
Is 171168 a multiple of 24?
True
Is 54704 a multiple